ne o(-1).
49
Let p(a) = -a**2 - 5*a + 174. Give p(-16).
-2
Let i(t) = t**2 + 14*t - 9. What is i(-14)?
-9
Let j(d) = -5*d**2 - 2*d + 1. Calculate j(-2).
-15
Let j(v) = 15*v - 3. Give j(5).
72
Let y(t) = -t**2 - 3*t - 7. Calculate y(-4).
-11
Let d(h) = -4*h**2 - 16*h - 2. What is d(-4)?
-2
Let q(f) = f. What is q(5)?
5
Let b(i) = 15*i - 167. Determine b(11).
-2
Let a(w) = -w**3 - 11*w**2 - 16*w + 13. Calculate a(-9).
-5
Let g(l) = l**2 - 8*l + 25. Calculate g(4).
9
Let m(p) = -p**3 + 2*p**2 - 3*p + 2. Calculate m(2).
-4
Let i(h) = h**3 + 16*h**2 + 17*h + 5. What is i(-15)?
-25
Let s(l) = l**3 - 29*l**2 + 27*l + 24. Determine s(28).
-4
Let s(y) = y**2 - 9*y + 8. Determine s(12).
44
Let u(y) = y**3 + 2*y**2 - 7*y - 9. Calculate u(-3).
3
Let j(f) = 2*f**3 + 6*f**2 + 5*f + 6. Give j(-4).
-46
Let g(n) = -n**3 + 17*n**2 + 20*n - 8. Calculate g(18).
28
Let j(a) = -a**3 - a**2 - 2*a + 7. Determine j(3).
-35
Let v(z) = -3*z + 2. Determine v(-6).
20
Let i(k) = k**3 + k + 18. Determine i(0).
18
Let k(a) = -6*a - 1. Give k(3).
-19
Let u(w) = w**2 + 16*w + 54. Calculate u(-10).
-6
Let b(q) = q**2 - 5*q - 15. Determine b(8).
9
Let w(y) = -y**3 - 12*y**2 + 12*y - 3. Calculate w(-13).
10
Let g(f) = f**3 + 6*f**2 + 12*f + 12. Determine g(-4).
-4
Let p(j) = 4*j - 259. What is p(60)?
-19
Let r(j) = -j - 6. Determine r(-6).
0
Let q(f) = 11*f**2 - 2*f + 8. Determine q(3).
101
Let a(l) = -l**3 + 52*l**2 - 54*l + 150. Give a(51).
-3
Let s(q) = -q**3 - 4*q**2 + 23*q + 6. Give s(-7).
-8
Let k(s) = s**2 + 32*s + 58. Calculate k(-30).
-2
Let j(u) = -u**2 - 17*u - 21. Calculate j(-16).
-5
Let p(v) = -24*v - 151. What is p(-6)?
-7
Let v(d) = 4*d - 23. Give v(6).
1
Let w(s) = s**2 + 4*s + 2. What is w(-7)?
23
Let u(j) = 6*j**2 + 3*j + 8. Determine u(-2).
26
Let h(x) = x**3 - 7*x**2 - x - 6. What is h(7)?
-13
Let q(w) = w + 26. Calculate q(-23).
3
Let s(h) = -h - 3. Determine s(-7).
4
Let x(r) = 30*r**3 - 2*r**2 + 1. What is x(-1)?
-31
Let o(g) = -g**2 + 6*g - 19. Determine o(9).
-46
Let a(b) = b**3 - 3*b**2 + 7. Calculate a(5).
57
Let d(h) = 3*h + 3. What is d(-7)?
-18
Let z(i) = i**2 - 5*i - 8. Give z(-5).
42
Let c(b) = b**2 + 6*b - 60. Determine c(5).
-5
Let s(k) = 11*k + 60. Determine s(-7).
-17
Let p(t) = -2*t**2 + 56*t - 1. What is p(0)?
-1
Let n(r) = -r**3 - 12*r**2 + 19*r + 95. Determine n(-13).
17
Let s(k) = 14*k**2 - 48*k + 46. Determine s(1).
12
Let y(b) = -2*b**2 + 43*b + 20. What is y(21)?
41
Let k(z) = -z**2 + 40*z - 73. Give k(38).
3
Let m(q) = 33*q - 5. Give m(-1).
-38
Let b(p) = 3*p + 49. Determine b(-18).
-5
Let r(c) = c**3 - c**2 - 2. What is r(3)?
16
Let v(b) = -b**2 + 9*b + 37. What is v(12)?
1
Let a(h) = h - 12. Calculate a(-19).
-31
Let c(y) = y**2 - 2*y + 4. What is c(3)?
7
Let i(s) = s**3 - 10*s**2 - 6*s + 17. Calculate i(10).
-43
Let k(w) = w - 3. Give k(6).
3
Let l(k) = -22*k - 245. Calculate l(-11).
-3
Let g(v) = -29*v - 201. Calculate g(-7).
2
Let v(b) = -b**2 - 7*b - 7. Give v(-6).
-1
Let f(o) = -o**2 + 6*o - 4. Give f(3).
5
Let s(t) = t**3 + 5*t**2 - 12*t - 54. Give s(-5).
6
Let q(v) = v + 6. What is q(6)?
12
Let n(v) = 3*v. Determine n(-1).
-3
Let y(r) = -4*r**3 - 5*r**2 - 4*r - 2. Give y(-2).
18
Let p(u) = -12*u + 277. Calculate p(25).
-23
Let l(m) = -10*m - 81. What is l(-7)?
-11
Let i(t) = -2*t**2 - 11*t + 21. What is i(2)?
-9
Let p(v) = -v**2 + 12*v + 21. Calculate p(14).
-7
Let m(y) = -y**3 + 8*y**2 - 9*y - 24. Calculate m(6).
-6
Let t(q) = 2*q + 4. Determine t(-5).
-6
Let p(r) = r**3 + 25*r**2 + 29*r + 124. What is p(-24)?
4
Let c(r) = -r**3 - 12*r**2 - 21*r - 8. Determine c(-10).
2
Let q(x) = 2*x**2 - 5*x - 97. Determine q(-6).
5
Let y(z) = -z**2 + 11*z - 17. Give y(9).
1
Let x(a) = -a**2 - 16*a - 2. Determine x(-15).
13
Let a(l) = -l**3 + 17*l**2 - 14*l - 29. Calculate a(16).
3
Let p(l) = -2*l**2 + 6*l - 8. What is p(3)?
-8
Let r(v) = -4*v**2 - 6. Calculate r(2).
-22
Let z(c) = -c**3 - 4*c**2 + 17*c + 15. What is z(-6)?
-15
Let a(f) = f**3 - 6*f**2 - 10*f + 8. Give a(8).
56
Let a(m) = -m**3 + m**2 + m + 18. Calculate a(0).
18
Let k(a) = -a**3 - 7*a**2 + 9*a - 1. Give k(-8).
-9
Let v(g) = 3*g**3 + 4*g**2 - 9*g + 2. What is v(2)?
24
Let a(l) = -23*l + 645. Determine a(28).
1
Let x(n) = -n**3 + 18*n**2 - 65*n + 5. Give x(13).
5
Let n(t) = -t**2 + 20*t - 40. Calculate n(18).
-4
Let r(q) = -q**2 - 9*q. Calculate r(-9).
0
Let n(a) = -4*a + 34. Determine n(6).
10
Let t(b) = -b**3 + 13*b**2 + 3*b - 11. Determine t(13).
28
Let r(w) = w**2 - 15*w + 4. Calculate r(15).
4
Let f(j) = -j**3 + 9*j**2 - 9*j + 10. Determine f(8).
2
Let o(g) = 2*g**3 + 5*g**2 + 3*g - 3. Determine o(-3).
-21
Let p(f) = -12*f + 8. Determine p(1).
-4
Let z(x) = -4*x - 3. What is z(3)?
-15
Let r(h) = h**3 + 17*h**2 - 10*h + 14. What is r(-17)?
184
Let l(a) = a**2 - 10*a + 9. Determine l(6).
-15
Let q(n) = 41*n**3 - n. What is q(1)?
40
Let o(i) = -i**2 + 4*i - 2. Determine o(3).
1
Let r(k) = 42*k**3 - k - 1. Determine r(-1).
-42
Let s(z) = -29*z - 5. Determine s(5).
-150
Let s(b) = -5*b - 3. What is s(-1)?
2
Let y(v) = -v**2 - 5*v + 110. Calculate y(8).
6
Let j(u) = u - 3. What is j(4)?
1
Let y(i) = -2*i**2 - i + 42. Give y(0).
42
Let r(y) = -y**3 + 2*y**2 + 4*y + 8. What is r(3)?
11
Let i(z) = -z**3 - 8*z**2 - 17*z - 33. Calculate i(-6).
-3
Let s(w) = w**2 - 8*w + 8. What is s(6)?
-4
Let a(j) = -31*j - 91. Give a(-5).
64
Let r(x) = 3*x + 20. Determine r(-1).
17
Let p(z) = 3*z**2 - 39*z + 11. Give p(12).
-25
Let g(r) = 3*r**3 + 9*r**2 - 5*r - 4. Give g(-3).
11
Let h(z) = -35*z**2 + 10*z + 9. Determine h(-1).
-36
Let l(d) = 20*d + 38. Give l(-2).
-2
Let k(s) = -s + 21. What is k(-1)?
22
Let m(l) = -2*l**2 - 2*l. Determine m(-1).
0
Let r(y) = -5*y + 133. Calculate r(22).
23
Let o(d) = d**3 + 7*d**2 + 6*d - 5. Determine o(-5).
15
Let s(u) = u**3 - 4*u**2 - 12*u + 9. Give s(6).
9
Let z(w) = w**2 + 20*w + 48. Calculate z(-14).
-36
Let i(r) = 6*r**3 + 6*r**2 - 3*r + 2. Calculate i(-3).
-97
Let z(h) = h**3 - 4*h**2 + 12*h - 58. Calculate z(4).
-10
Let w(j) = 4*j + 174. Determine w(0).
174
Let j(l) = 9*l - 456. Calculate j(52).
12
Let q(y) = -2*y + 9. What is q(6)?
-3
Let d(u) = -2*u**3 + 2*u**2 + 8*u - 3. Determine d(3).
-15
Let k(x) = -x + 11. Calculate k(-9).
20
Let p(r) = -3*r + 229. Determine p(74).
7
Let o(s) = s**3 - 6*s**2 + 2*s + 3. Give o(6).
15
Let c(s) = s**3 + 16*s**2 + 28*s + 4. Determine c(-14).
4
Let g(x) = -22*x**2 + 3*x - 3. Determine g(1).
-22
Let v(z) = 3*z**3 + 3*z**2 - 18*z - 3. Give v(2).
-3
Let z(f) = f**3 + 8*f**2 + f + 2. Determine z(-2).
24
Let c(b) = 2*b - 95. What is c(34)?
-27
Let h(v) = 7*v - 2. Give h(1).
5
Let r(m) = 3*m + 5. Calculate r(-14).
-37
Let b(z) = z**2 + 11*z + 11. Calculate b(-11).
11
Let d(i) = 60*i - 546. What is d(9)?
-6
Let y(z) = -z**2 - 20*z - 93. Give y(-8).
3
Let u(y) = y**3 - 8*y**2 + 4*y - 12. Determine u(8).
20
Let t(r) = -r**3 - 11*r**2 + 10*r - 23. Give t(-12).
1
Let t(u) = 6*u - 15. What is t(4)?
9
Let r(k) = -7*k**2 - 3*k - 1. What is r(2)?
-35
Let t(v) = -v**2 + 8*v + 57. Give t(-4).
9
Let i(t) = t + 2. Give i(2).
4
Let q(g) = -g**3 - 8*g**2 - 10*g - 15. Determine q(-7).
6
Let x(c) = -c**3 - 21*c**2 - 23*c - 66. Give x(-20).
-6
Let q(z) = -z**3 + 12*z**2 + 108*z + 13. Calculate q(18).
13
Let l(o) = o**3 + 10*o**2 + 7. What is l(-10)?
7
Let c(y) = -3*y - 10. Determine c(-5).
5
Let v(i) = i**3 + 10*i**2 + 13*i - 27. Determine v(-8).
-3
Let d(p) = -p**2 + 4*p - 3. Calculate d(3).
0
Let k(h) = -7*h + 60. Determine k(12).
-24
Let c(w) = -w**2 - 9*w - 14. Give c(-5).
6
Let n(g) = 2*g + 50. Determine n(-18).
14
Let n(w) = 42*w - 2. Give n(1).
40
Let k(w) = -w**2 - 8*w - 2. Calculate k(-8).
-2
Let n(c) = -15*c - 570. Determine n(-39).
15
Let c(h) = -3*h - 4. Give c(-8).
20
Let b(y) = 2*y**3 + 6*y**2 + 3*y + 9. Determine b(-4).
-35
Let h(d) = -d**3 + 5*d**2 - 5*d + 5. Give h(3).
8
Let u(j) = -2*j - 4. What is u(-7)?
10
Let d(b) = -b**2 - 24*b - 41. Calculate d(-18).
67
Let i(y) = y - 13. What is i(-9)?
-22
Let j(c) = 19*c - 1. Determine j(-3).
-58
Let k(f) = 3*f + 2. Give k(1).
5
Let z(i) = -7*i**2 + 4*i + 3. Give z(-2).
-33
Let j(m) = -5*m**2 - 10*m - 15. Calculate j(-2).
-15
Let p(r) = -r**2 - 11*r - 3. Give p(-11).
-3
Let f(n) = -6*n**2 + 28*n - 51. Determine f(2).
-19
Let l(g) = g**3 - 7*g**2 + 10*g - 9. Calculate l(5).
-9